et z(j) = -j**3 - 30*j**2 + 21*j + 82. What are the prime factors of z(-33)?
2, 83
Let b(p) = p**2 - 4*p - 7. Let t be b(6). Suppose t*x = 3*a - 151, 3*x = a - 3*a + 69. What are the prime factors of a?
2, 3, 7
Let j be (-11 + 8/(-2))*(-4)/6. What are the prime factors of (8/j)/1*470/4?
2, 47
Let f(c) = 3*c**2 - 5*c + 14. Let t(b) = 2*b**2 - 4*b + 13. Let g(j) = 5*f(j) - 6*t(j). List the prime factors of g(4).
2, 3
Let p = 1564 - 1088. What are the prime factors of p?
2, 7, 17
Let r be ((-10)/(-20))/(2/(-12)) - -5. Let g = 60 - 31. Suppose u + g = r*u. List the prime factors of u.
29
Let m(a) = a**2 - 16*a + 31. Let v be m(14). Suppose -v*u = -99 - 384. List the prime factors of u.
7, 23
Let f(n) = -n**3 - 15*n**2 + 17*n + 19. Let l be f(-16). Let g = l - -1. Suppose g*h - 372 = -2*h. What are the prime factors of h?
2, 31
Let s be (-465)/(-165) + 4/22. Suppose w = 5 - s. Suppose 0 = -w*y - 3*q - 0*q + 86, -q = 5*y - 241. List the prime factors of y.
7
Suppose -v + 171 = -c, -170 = -3*v + 2*v + 2*c. Let g = -98 + v. What are the prime factors of g?
2, 37
Let o be ((-4)/(-5))/((-2)/(-45)). Let b = o - 27. Let t(v) = -7*v - 7. What are the prime factors of t(b)?
2, 7
Suppose 5*j - 15 = -5. Suppose 5*u = k - 49, 0 = 2*k - k - j*u - 64. What are the prime factors of k?
2, 37
Let n be 2/((-6)/(-10) - 1). Let s be (n/(-10))/(2/16). Suppose -b + 3*a + 17 = 0, s*a - 25 = -b + 27. What are the prime factors of b?
2
Let b be (-1)/2 - 11/2. Let n(k) be the third derivative of k**5/30 + 7*k**4/24 - 2*k**3/3 - 2*k**2 - 31. List the prime factors of n(b).
2, 13
Let m be ((-4)/(-10))/(10/25). Let u be (-79)/(-2) - m/(-2). Let r = u + -23. What are the prime factors of r?
17
Let q(k) be the first derivative of -k**2/2 + 15*k - 1. Let l be q(7). Suppose -444 = -l*v + 2*v. List the prime factors of v.
2, 37
Let z(s) = 742*s + 21. List the prime factors of z(2).
5, 7, 43
Let s = 29 - 6. Suppose -924 = 17*a - s*a. List the prime factors of a.
2, 7, 11
Suppose 99*s - 192653 = -25343. List the prime factors of s.
2, 5, 13
Let r = 234 + -492. Let z be (12/18)/((-2)/r). Suppose -3*c + z = 23. What are the prime factors of c?
3, 7
Let a(c) = -8*c - 13. Let g = -30 - -21. What are the prime factors of a(g)?
59
Suppose -38 = -3*d - 11. Let q(x) = -x**3 + 8*x**2 + 9*x + 4. Let k be q(d). Suppose 0 = -k*w + 2*w + 120. What are the prime factors of w?
2, 3, 5
Suppose 0 = 2*u + 3*u - 1020. Suppose -l = 5*y - 3*l + 558, -2*y - 4*l = u. Let n = -78 - y. List the prime factors of n.
2
Suppose 10*x - 14301 = 3*x. What are the prime factors of x?
3, 227
List the prime factors of (-153)/6*(-48)/18.
2, 17
Suppose x - 10 = -5. Suppose 38 = 3*z - 2*z + 4*f, f = -x*z + 133. List the prime factors of z.
2, 13
Let u = 429 - -215. What are the prime factors of u?
2, 7, 23
Let v = 86 + -86. What are the prime factors of (v - -7)/(5/90)?
2, 3, 7
Suppose q = -0 + 6. Suppose 10 = -q*g + g. What are the prime factors of (-32)/(-1) + g + 2?
2
Let a(k) = 1435*k + 245. Let w(t) = -35*t - 6. Let x(u) = -6*a(u) - 245*w(u). List the prime factors of x(-5).
5, 7
Suppose 0 = -a - 3*h + 327, -h = -5*a + 3*a + 619. List the prime factors of a.
2, 3, 13
Suppose -1872 + 10232 = 10*s. List the prime factors of s.
2, 11, 19
Let b be (-56)/(-12) + 2/(-3). Suppose -2*k - 24 = -4*p, b*k = 4*p - 20 - 8. Suppose -p*y + 9*y - 56 = 0. What are the prime factors of y?
2, 7
Let v = -37 + 66. Let w = -133 + 147. Suppose 0 = -u - 9*i + 4*i + v, 0 = u + 2*i - w. List the prime factors of u.
2
Let t be 954/(-48) - 1/8. Let a = t + 59. List the prime factors of a.
3, 13
Let u(n) = -n**3 + n. Let y(t) = 6*t**3 + 4*t**2 + t + 1. Let h(o) = 5*u(o) + y(o). Let c be h(-4). Let w = 56 + c. What are the prime factors of w?
3, 11
Let d(o) = -2*o**3 - 7*o**2 - 6*o - 4. Let q be d(-3). Suppose -181 - 229 = -q*k. List the prime factors of k.
2, 41
Let w be -4*(-33)/(-36)*33. Let q = -50 - w. List the prime factors of q.
71
Let a = -740 + 3027. List the prime factors of a.
2287
What are the prime factors of (-4857)/2*(-42)/63?
1619
Let n = 698 - 431. List the prime factors of n.
3, 89
Let r(p) be the third derivative of p**5/60 + p**4/8 + p**3 + p**2. Let i be (-4)/20 - (-78)/15. What are the prime factors of r(i)?
2, 23
Let k = -2999 + 4671. What are the prime factors of k?
2, 11, 19
Let t(s) = -s**3 - 15*s**2 + 13*s + 24. Let n be t(-15). Let l = n + 311. What are the prime factors of l?
2, 5, 7
Let d(o) = 92*o - 589. What are the prime factors of d(19)?
19, 61
Let x(q) = 2*q**3 + 9*q**2 + 3*q. Let w be x(-4). Suppose -2*j = -4*j - 3*n + 498, w = -2*n. What are the prime factors of j?
2, 3, 7
Let x(h) = h**3 - 6*h**2 - h + 6. Let s be x(5). Let d = -122 - -184. Let g = s + d. What are the prime factors of g?
2, 19
Let g(c) = -13*c + 2*c - 4834 - 4*c + 4840. Let a = 1 + -4. List the prime factors of g(a).
3, 17
Suppose -20 = -i + 56. Suppose 0*j - i = -j. List the prime factors of j.
2, 19
Let u be (0 + -50)*(-50)/4. Suppose 0 = 4*z + z - u. What are the prime factors of z?
5
Let x(y) = y**2 + 23*y - 74. List the prime factors of x(14).
2, 3, 37
Let s be (-1 - -13*7) + -1. Let n(a) = 3*a**2 - 9*a - 23. Let m be n(7). Let l = s - m. List the prime factors of l.
2, 7
Let d(g) = g**3 + 7*g**2 - 2*g + 8. Let z(n) = -n**2 - 2*n - 4. Let p be z(-3). Let y be d(p). Let f = y + -20. What are the prime factors of f?
2
Let h(f) = -f**3 + 35. Let g be (0/2)/(-15 - -12). List the prime factors of h(g).
5, 7
Let g be -2*1/1 - 2. Let y(t) = -t - 5*t**2 - 4 + 4*t**2 + 2*t**2. What are the prime factors of y(g)?
2
What are the prime factors of 3792/(-48)*-1*4/2?
2, 79
Let h(x) = x**3 + 15*x**2 - 7*x + 1. Let f be h(-15). Suppose 2*v - f = -28. What are the prime factors of v?
3, 13
Suppose -l + 0 = -6. Suppose -5*d + u + 4*u = 0, -d - 5*u + l = 0. What are the prime factors of (d - 0)*(-121)/(-11)?
11
Let l(u) = u**3 + 19*u**2 + 12. Let q be l(-19). List the prime factors of (-6)/(-4)*688/q.
2, 43
Let f(r) be the third derivative of r**6/120 - r**5/20 + r**4/12 - 5*r**3/6 + 9*r**2. Suppose -6 = -4*s + 10. List the prime factors of f(s).
19
List the prime factors of ((-11358)/(-36))/((-1)/(-2)).
631
Let h = -31 - -34. Suppose -r - h*r + 2*i = -358, 2*r + i = 169. What are the prime factors of r?
3, 29
Let w(k) = 215*k**2 - 3*k + 1. What are the prime factors of w(1)?
3, 71
Suppose 6*f - 455 = -f. List the prime factors of f.
5, 13
Suppose -33*p = -29*p - 5736. List the prime factors of p.
2, 3, 239
Suppose -6*h - 7*h + 702 = 0. Suppose -5*q = -23*q + h. List the prime factors of q.
3
Let t(a) = -14*a + 13. List the prime factors of t(-7).
3, 37
Let v(a) be the second derivative of a**3/2 - a**2/2 + 2*a. List the prime factors of v(12).
5, 7
Suppose 0*q + 5*q - 10095 = -5*y, 0 = 3*y + 5*q - 6055. What are the prime factors of y?
2, 5, 101
Let m = 0 - 5. Let l(j) = -j**3 - 4*j**2 + 6*j. Let a be l(m). Let f(r) = r**3 + 6*r**2 + 2*r - 3. List the prime factors of f(a).
2, 3
Let n be ((-74)/2)/((-7)/(-105)*-1). Suppose -105 = -12*a + n. What are the prime factors of a?
5, 11
Suppose -3*d - 2*o - 1000 = -3569, -3*d - 3*o = -2574. List the prime factors of d.
853
Let d(x) = x**3 + 6*x**2 - 3*x - 9. Suppose 4*c - 5*r = -44, 2*c = 4*r - r - 24. What are the prime factors of d(c)?
3
Let q = -22 + 26. Suppose 0*s + 252 = q*s. What are the prime factors of s?
3, 7
Let j(z) = 6*z - 15. Let w(l) = -l**3 + 14*l**2 + l - 7. Let d be w(14). Suppose n - 2 - d = 0. List the prime factors of j(n).
3, 13
Let x(a) = -2*a + 7. Let m be x(4). Let w be m - (-3 - -6)/(-3). Suppose b + w*b - 6 = 0. List the prime factors of b.
2, 3
Let d be (3 - (-20)/(-8))*4. Suppose -2*z + 5*z = -5*v + 475, d*z - 350 = 5*v. List the prime factors of z.
3, 5, 11
Let u be -18*(4/12 + -1). Suppose 0*m + u = m. Suppose 37 = t + m. List the prime factors of t.
5
Let x = -16 - -9. Let c = 23 + x. List the prime factors of c.
2
Suppose 0*d = -3*d + 5*n + 64, 3*d = 3*n + 54. Suppose -4*o + 64 = -4*h, 7*h + 0 = -14. Suppose d = 3*x - o. What are the prime factors of x?
3
Suppose 0 = -2*o + 4*m + 4618, 0 = 2*m - 15 + 5. What are the prime factors of o?
3, 773
Let b be (461 - -1*(-6 + 3)) + -3. Suppose -n + 6*n - b = 0. What are the prime factors of n?
7, 13
Let j(r) = r**2 - 11*r - 13. Let w